 = r*j. What are the prime factors of i?
31
Let j be -12*(-22)/9*-6. Let t = j - -300. List the prime factors of t.
2, 31
Let n(j) = 3*j - 23. Let r be n(5). What are the prime factors of 167 + (3 + -6 - r)?
2, 43
Let l(b) = 401*b**3 - 9*b**2 + 32*b - 23. Let c(z) = -134*z**3 + 3*z**2 - 11*z + 8. Let t(d) = 17*c(d) + 6*l(d). What are the prime factors of t(1)?
2
Let q be 2/4*-38 - 3. Let y be ((-55)/q)/(2/20). Suppose -77 - y = -3*g. List the prime factors of g.
2, 17
Let y be (2 + -1)/(8/48). Suppose -i + 0*i = -12. Let c = i + y. What are the prime factors of c?
2, 3
Let b(j) = 13*j**2 - 17*j - 228. What are the prime factors of b(14)?
2, 3, 347
What are the prime factors of 1/(-4) - 105/(-4)?
2, 13
Suppose 0 = 4*r - 18 + 18. Let d(p) = -p + 142. What are the prime factors of d(r)?
2, 71
Let c(k) be the first derivative of -k**3/3 + k**2/2 - k + 2. Let v be c(0). What are the prime factors of 8/(v + 3/2)?
2
Let t = 222 + -146. Let u = 102 - t. What are the prime factors of u?
2, 13
Suppose r + 16 = -r. Let k(x) = -5*x - 735 + 725 + 2*x - 2*x. List the prime factors of k(r).
2, 3, 5
Suppose 2*t - 10 = -3*z + 3, -z = 2*t - 7. Let k(p) = 2*p**3 + 0*p**3 - 2*p**2 - 5*p**3 - t + 3*p - 4*p. What are the prime factors of k(-2)?
2
Let i(g) = 18*g - 21. Let p(h) = -h. Let n(k) = -2*i(k) - 18*p(k). What are the prime factors of n(-7)?
2, 3, 7
Let i be 80/((-3)/(0 + -3)). Let p = i - 17. List the prime factors of p.
3, 7
Suppose -145 = 4*a + 3*n - 4243, 0 = -3*a - 3*n + 3072. What are the prime factors of a?
2, 3, 19
Let c(u) = u**3 + 13*u**2 - u - 17. Let b be c(-13). Let v be (-4 - -2) + 1564 + b. List the prime factors of 2/(-5) + v/95.
2
Let f be (22/6 + -2 - 1)*-6. What are the prime factors of f/7 - 13/(91/(-1432))?
2, 3, 17
Let i(l) = l**3 - 3*l**2 + l + 4. Suppose 3*s = -s + 12. List the prime factors of i(s).
7
Let n = -116 - -713. What are the prime factors of n?
3, 199
Let n = -2822 + 4352. What are the prime factors of n?
2, 3, 5, 17
Let r(p) be the second derivative of -p**5/20 - 4*p**4/3 - 4*p**3/3 - 15*p**2/2 + 10*p. List the prime factors of r(-16).
113
Let h(d) = 2*d**3 - 3*d**2 + 3*d + 1. Let b be h(3). Suppose t + 5*o - 52 = 0, -b = -3*t - 4*o + 86. List the prime factors of t.
37
Suppose -2*t = -4*g + 1122, 3*g - 4*t + 825 = 6*g. List the prime factors of g.
3, 31
Let i = 4969 - 928. List the prime factors of i.
3, 449
Let q = 36 - 20. Suppose -t + 10 = -q. What are the prime factors of t?
2, 13
Let w(j) be the first derivative of -j**2/2 - 2*j + 7. What are the prime factors of w(-10)?
2
Let r = -28 - -30. Suppose 3 = -o + r*o. Suppose o*d - 99 = 3*b - b, 0 = -5*b. List the prime factors of d.
3, 11
Suppose 2*r - 65 = -17. Suppose p = 2*l + 8, p - 5*l = -7 + r. Suppose p*g = 3*s + 22, -4*g + 8 + 22 = s. What are the prime factors of g?
2
Let b be (-1 - -2)*4/(-4). Let o = b + 4. Suppose o*s - 106 + 19 = 0. List the prime factors of s.
29
Let g(w) = 8*w**2 + 2*w - 7. Let y be g(-6). List the prime factors of (-5)/2*(3 - y/5).
127
Suppose 4*v - 463 = 197. List the prime factors of v.
3, 5, 11
Suppose -852*h + 856*h = 11192. List the prime factors of h.
2, 1399
Let a be ((-2)/(-6))/(-4 - (-11415)/2853). Suppose -2*c + 486 = 2*n, n - a - 910 = -5*c. List the prime factors of c.
2, 3, 41
Let c(i) = i**2 + 7*i + 7. Let x be c(-6). Let w be ((0 - 2) + x)*-48. Let z = w - 27. List the prime factors of z.
3, 7
Suppose 2*i - 193 = 5*g, 5*i - g + 79 = 527. Let y = -11 + 15. Suppose -y*w + 5*c + i = 0, -3*c - c = 2*w - 12. What are the prime factors of w?
2
List the prime factors of 20570/153 + 8/(-18).
2, 67
Let l(a) be the second derivative of -13*a**3/3 + a**2 + 17*a. List the prime factors of l(-1).
2, 7
What are the prime factors of -9 - -1 - (-529 + -6)?
17, 31
Suppose 0 = o + k - 473, 0 = -4*o - k + 2113 - 221. What are the prime factors of o?
11, 43
Let y(v) = -11*v - 7. Let i be y(8). Let j be 3/(-18) + i/(-30). Suppose j*d + 2 = 110. What are the prime factors of d?
2, 3
Let d(n) = n**3 + 8*n**2 - 5*n + 5. Suppose -g + 3*l = 11, 5*g - 5*l - 21 = -66. What are the prime factors of d(g)?
3, 5
Let q(t) = -t**2 - 5*t + 9. Let y be 40/(-180) - 52/9. Let f be q(y). Suppose -i + 33 = f*n - 49, -n = -4*i - 23. What are the prime factors of n?
3
Let r(x) = -46*x - 98. Let p(h) = 31*h + 65. Let a(w) = -8*p(w) - 5*r(w). List the prime factors of a(-6).
2, 3, 13
Suppose 3*k + 31 = -4*c, -c + 15 = 2*c. Let n(l) = 2*l**2 + 26*l + 26. What are the prime factors of n(k)?
2, 3
Let y be 8/(-2)*(-2 + 1). Suppose 3*f = 2*l + l + 15, y*l + 22 = 5*f. Suppose 0 = -i - f*d + 12, i + 2*d + 2*d = 12. What are the prime factors of i?
2, 3
Suppose 2*s + 124 = s. Let t = s + 222. List the prime factors of t.
2, 7
Let k(p) = 6*p - 51 - 10 + 10 - 20. List the prime factors of k(24).
73
Suppose -b + 26 = -5*u, 5*b = 3*u + 32 + 54. Suppose -46 - b = -2*c. List the prime factors of c.
31
Let r(y) = y**2 - 1. Let k be r(0). What are the prime factors of 4 + -6 - (-3 + 185)*k?
2, 3, 5
Let z = 38 + 30. Let m = 23 - z. List the prime factors of 4/6 + (-915)/m.
3, 7
Let c be (-6)/3 + 1 - -16. Let x = -12 + c. What are the prime factors of 34 - x*(-4)/(-6)?
2
Suppose -1616*g = -1630*g + 14364. What are the prime factors of g?
2, 3, 19
Suppose 0*j + 3*d + 3645 = 2*j, 1809 = j + 3*d. List the prime factors of j.
2, 3, 101
Let t = 409 - 113. What are the prime factors of t?
2, 37
Suppose 2694 + 2250 = 16*o. What are the prime factors of o?
3, 103
Suppose -v - 558 = -3*v + 2*i, -2*v + 3*i + 560 = 0. Let l = -163 + v. What are the prime factors of l?
2, 3, 19
Let a(g) = -5*g**2 + 503. List the prime factors of a(0).
503
Suppose -j + 58 = -0*j + o, -5*o + 10 = 0. What are the prime factors of j?
2, 7
Let y(r) = -5*r + 20 - 3*r - 3 + 3*r**2 - 4*r**2. What are the prime factors of y(-9)?
2
Suppose -2*d - 4378 = -4*l, l - 21*d - 1105 = -17*d. List the prime factors of l.
1093
Suppose s - 12 = -3*h, 4*h - 2*s - 32 = 2*s. List the prime factors of (0 - 1)/(1792/(-357) + h).
3, 17
Suppose -2*g = 166 - 538. Suppose 0 = 6*f + 6 - g. What are the prime factors of f?
2, 3, 5
Suppose -146 = -3*t - 2*v + 122, 4*t - 354 = -v. What are the prime factors of t?
2, 11
Let k = 21 + 694. List the prime factors of k.
5, 11, 13
Let h = -18 - -21. List the prime factors of 2/(-1)*((h - 52) + 0).
2, 7
Let g be (-7)/((-28)/(-16)) + -4 + 3. List the prime factors of (15/6)/5*(351 - g).
2, 89
What are the prime factors of ((-10)/(-65) - 41856/(-26)) + -6?
2, 401
Let z be 2/5 + 3966/10. Suppose -z = -7*b + 261. List the prime factors of b.
2, 47
Suppose m + 24*m = 8700. List the prime factors of m.
2, 3, 29
List the prime factors of 2177/1 - (-4 + 45/9).
2, 17
Suppose 9*h = 4*h + 60. Let t be (-2)/(-8) - h/(-16). Suppose 0 = 4*s - y - 61, -2*y + t - 3 = 0. What are the prime factors of s?
3, 5
Let m(t) = -t**3 - 21*t**2 - 37*t + 26. Let r be m(-19). Suppose -h = -r - 26. List the prime factors of h.
3, 11
Let g(l) = -3*l**2 + 8*l - 5. Let f be g(5). Let i be (1 - (-1)/2)*136/(-12). Let c = i - f. What are the prime factors of c?
23
Suppose 40 = 2*r + 12. Let d be r + (4/4 - 3). List the prime factors of ((-18)/d)/(2/(-36)).
3
Let z(c) = -4*c**2 + 19*c + 33. Let a(u) = -u**2 + 1. Let r(f) = -5*a(f) + z(f). List the prime factors of r(-20).
2, 3
Let j = 251 - 158. List the prime factors of j.
3, 31
Suppose -4*k + 70 - 286 = -2*l, -3*l - k = -338. Let u be (-1)/4*2*0. Suppose o + o - l = u. What are the prime factors of o?
2, 7
Let m(r) = 8 - 5*r**3 + 2*r**2 + 4*r**3 - 5 + 6*r**2 + 0 + r. Let s(g) = g**2 - 3*g - 3. Let i be s(-2). What are the prime factors of m(i)?
59
Let l(g) = 10*g**3 - 11*g**3 - 4*g**2 - 8*g**2 + 8 + 10*g. List the prime factors of l(-13).
47
Let h(w) = 14*w**2 + 20*w - 32. List the prime factors of h(12).
2, 139
List the prime factors of (-71188)/(-40) + (-114)/(-380).
2, 5, 89
Let y(c) = -10 + 5*c + 7*c + 22 - 10. List the prime factors of y(6).
2, 37
Suppose -4*j + 16 = -4*d, j = 5*d + 4 - 0. Suppose -4*r + m = -d*m - 269, 3*r - 203 = 2*m. List the prime factors of r.
67
Let y be (6/8)/((-2)/(-8)). Suppose -y*m = 4*i - 5, -4*m + 4*i + 0*i = 12. List the prime factors of (0 - m) + (-4 - -6).
3
Suppose -3*i + 4*h + 1969 = 3*h, i - 649 = 4*h. What are the prime factors of i?
3, 73
S